{"id":10388,"date":"2024-03-13T16:31:03","date_gmt":"2024-03-13T19:31:03","guid":{"rendered":"https:\/\/www.vittal.com.ar\/gestion\/?page_id=10388"},"modified":"2024-05-31T13:40:36","modified_gmt":"2024-05-31T16:40:36","slug":"vacuna-antigripal-clientes","status":"publish","type":"page","link":"https:\/\/www.vittal.com.ar\/gestion\/landing\/vacuna-antigripal-clientes\/","title":{"rendered":"Vacuna antigripal | Clientes Empresas"},"content":{"rendered":"","protected":false},"excerpt":{"rendered":"","protected":false},"author":4,"featured_media":0,"parent":727,"menu_order":0,"comment_status":"closed","ping_status":"closed","template":"","meta":{"footnotes":""},"class_list":["post-10388","page","type-page","status-publish","hentry"],"better_featured_image":null,"yoast_head":"<!-- This site is optimized with the Yoast SEO plugin v22.9 - https:\/\/yoast.com\/wordpress\/plugins\/seo\/ -->\n<title>Vacuna antigripal | Clientes Empresas - Vittal<\/title>\n<meta name=\"robots\" content=\"index, follow, max-snippet:-1, max-image-preview:large, max-video-preview:-1\" \/>\n<link rel=\"canonical\" href=\"https:\/\/testweb.vittal.com.ar\/gestion\/landing\/vacuna-antigripal-clientes\/\" \/>\n<meta property=\"og:locale\" content=\"es_ES\" \/>\n<meta property=\"og:type\" content=\"article\" \/>\n<meta property=\"og:title\" content=\"Vacuna antigripal | Clientes Empresas - Vittal\" \/>\n<meta property=\"og:url\" content=\"https:\/\/testweb.vittal.com.ar\/gestion\/landing\/vacuna-antigripal-clientes\/\" \/>\n<meta property=\"og:site_name\" content=\"Vittal\" \/>\n<meta property=\"article:publisher\" content=\"https:\/\/www.facebook.com\/Tuvidaestaprimero\" \/>\n<meta property=\"article:modified_time\" content=\"2024-05-31T16:40:36+00:00\" \/>\n<meta property=\"og:image\" content=\"https:\/\/www.vittal.com.ar\/gestion\/wp-content\/uploads\/2020\/03\/vittal-logo.jpg\" \/>\n\t<meta property=\"og:image:width\" content=\"300\" \/>\n\t<meta property=\"og:image:height\" content=\"300\" \/>\n\t<meta property=\"og:image:type\" content=\"image\/jpeg\" \/>\n<meta name=\"twitter:card\" content=\"summary_large_image\" \/>\n<!-- \/ Yoast SEO plugin. -->","yoast_head_json":{"title":"Vacuna antigripal | Clientes Empresas - Vittal","robots":{"index":"index","follow":"follow","max-snippet":"max-snippet:-1","max-image-preview":"max-image-preview:large","max-video-preview":"max-video-preview:-1"},"canonical":"https:\/\/testweb.vittal.com.ar\/gestion\/landing\/vacuna-antigripal-clientes\/","og_locale":"es_ES","og_type":"article","og_title":"Vacuna antigripal | Clientes Empresas - Vittal","og_url":"https:\/\/testweb.vittal.com.ar\/gestion\/landing\/vacuna-antigripal-clientes\/","og_site_name":"Vittal","article_publisher":"https:\/\/www.facebook.com\/Tuvidaestaprimero","article_modified_time":"2024-05-31T16:40:36+00:00","og_image":[{"width":300,"height":300,"url":"https:\/\/www.vittal.com.ar\/gestion\/wp-content\/uploads\/2020\/03\/vittal-logo.jpg","type":"image\/jpeg"}],"twitter_card":"summary_large_image","schema":{"@context":"https:\/\/schema.org","@graph":[{"@type":"WebPage","@id":"https:\/\/testweb.vittal.com.ar\/gestion\/landing\/vacuna-antigripal-clientes\/","url":"https:\/\/testweb.vittal.com.ar\/gestion\/landing\/vacuna-antigripal-clientes\/","name":"Vacuna antigripal | Clientes Empresas - Vittal","isPartOf":{"@id":"https:\/\/testweb.vittal.com.ar\/gestion\/#website"},"datePublished":"2024-03-13T19:31:03+00:00","dateModified":"2024-05-31T16:40:36+00:00","breadcrumb":{"@id":"https:\/\/testweb.vittal.com.ar\/gestion\/landing\/vacuna-antigripal-clientes\/#breadcrumb"},"inLanguage":"es","potentialAction":[{"@type":"ReadAction","target":["https:\/\/testweb.vittal.com.ar\/gestion\/landing\/vacuna-antigripal-clientes\/"]}]},{"@type":"BreadcrumbList","@id":"https:\/\/testweb.vittal.com.ar\/gestion\/landing\/vacuna-antigripal-clientes\/#breadcrumb","itemListElement":[{"@type":"ListItem","position":1,"name":"Home","item":"https:\/\/testweb.vittal.com.ar\/gestion\/"},{"@type":"ListItem","position":2,"name":"Landings","item":"https:\/\/testweb.vittal.com.ar\/gestion\/landing\/"},{"@type":"ListItem","position":3,"name":"Vacuna antigripal | Clientes Empresas"}]},{"@type":"WebSite","@id":"https:\/\/testweb.vittal.com.ar\/gestion\/#website","url":"https:\/\/testweb.vittal.com.ar\/gestion\/","name":"Vittal | Emergecias y Urgencias Medicas","description":"Emergencias y urgencias m\u00e9dicas 24hs.","potentialAction":[{"@type":"SearchAction","target":{"@type":"EntryPoint","urlTemplate":"https:\/\/testweb.vittal.com.ar\/gestion\/?s={search_term_string}"},"query-input":"required name=search_term_string"}],"inLanguage":"es"}]}},"acf":{"tipo_de_landing":"Landing Contacto Bitrix","landing_contacto":{"telefono":"","titulo":"Anticipate a la circulaci\u00f3n del virus ","bajada":"<p><strong>Proteg\u00e9 a tu equipo antes de la temporada de contagios. Consult\u00e1 ahora por nuestro servicio de vacunaci\u00f3n en el lugar de trabajo.<\/strong><\/p>\n<p>Nuestro servicio especializado ofrece:<\/p>\n<p>1) Asesoramiento m\u00e9dico.<br \/>\n2) Coordinaci\u00f3n de las aplicaciones con el \u00e1rea a cargo.<br \/>\n3) Acceso a consultas antes y despu\u00e9s de la vacunaci\u00f3n.<br \/>\n4) Entrega de vacunas asegurada seg\u00fan la necesidad<br \/>\ndel cliente.<br \/>\n5) Venta de vacunas con y sin aplicaci\u00f3n por parte de vittal.<\/p>\n<p><strong>\u00a1Cre\u00e1 un lugar de trabajo saludable!<\/strong><\/p>\n<p>&nbsp;<\/p>\n","imagen":"https:\/\/www.vittal.com.ar\/gestion\/wp-content\/uploads\/2024\/03\/landing-vacuna-antigripal_desktop_no-socios-1.jpg","imagenmobile":"https:\/\/www.vittal.com.ar\/gestion\/wp-content\/uploads\/2024\/03\/landing-vacuna-antigripal_mobile_no-socios-1.jpg","titulo_formulario":"Complet\u00e1 el formulario y nos contactamos","codigo_formulario":1217,"beneficios":[{"icono":"https:\/\/www.vittal.com.ar\/gestion\/wp-content\/uploads\/2022\/09\/icono-enfermeria-04.png","texto":"Vacuna antigripal tetravalente"},{"icono":"https:\/\/www.vittal.com.ar\/gestion\/wp-content\/uploads\/2022\/09\/icono-persona-inmunodeprimido-04.png","texto":"Evit\u00e1 casos de  influenza y de Gripe A"},{"icono":"https:\/\/www.vittal.com.ar\/gestion\/wp-content\/uploads\/2022\/09\/icono-medico-de-familia-04.png","texto":"Disminu\u00ed el ausentismo laboral"},{"icono":"https:\/\/www.vittal.com.ar\/gestion\/wp-content\/uploads\/2022\/09\/icono-cartilla-medica-04.png","texto":"Ofrec\u00e9 un beneficio a los empleados"}],"legales":"El servicio estar\u00e1 disponible a partir del 12\/03\/2024 hasta el 31\/08\/2024 o hasta agotar stock de 600 dosis. Consulte aranceles y \u00e1rea de cobertura. Vacuna antigripal Afluria Quad, tetravalente inactivada, Cepa OMS Temporada 2024 para hemisferio sur. \r\nNi\u00f1os de 3 a menos de 9 a\u00f1os de edad: 0,5ml. Ni\u00f1os de 9 a menos de 18 a\u00f1os de edad: 0,5 ml. Adultos desde 18 a\u00f1os de edad: 0,5 ml. En ni\u00f1os de 3 a\u00f1os a menos de 9 a\u00f1os de edad que no hayan sido vacunados previamente, deben administrarse una segunda dosis despu\u00e9s de un intervalo de al menos 4 semanas. Contraindicaciones: Hipersensibilidad a los principios activos a algunos de los excipientes y a los residuos (por ejemplo huevo o prote\u00ednas del pollo, como la ovoalb\u00famina) o antecedentes de reacci\u00f3n anafil\u00e1ctica en una vacunaci\u00f3n previa contra la influenza. Antecedentes de S\u00edndrome de Guillain-Barre ocurrido dentro de las seis semanas de haber recibido una dosis de vacuna antigripal. Enfermedad aguda grave con fiebre: esperar y citar para vacunar a corto plazo. Reacciones adversas descriptas: Cefalea, sudoraci\u00f3n, mialgias y artralgias, fiebre, malestar, escalofr\u00edos, reacciones locales: enrojecimiento, tumefacci\u00f3n, dolor, induraci\u00f3n. Estas reacciones habitualmente desaparecen tras uno o dos d\u00edas sin necesidad de tratamiento.\r\nPromoci\u00f3n v\u00e1lida exclusivamente para Capital Federal y Gran Buenos Aires. Para m\u00e1s informaci\u00f3n comunicarse al Centro de Atenci\u00f3n al Socio Tel. 0810-888-48825. Socorro M\u00e9dico Privado S.A. CUIT 30-61221341-7. Av. \u00c1lvarez Thomas 1154 C.A.B.A. S.S.S. 0800-222-Salud. Registro Nacional de empresa de medicina Prepaga N\u00b01305.\r\n\r\n"},"activarbitrix":true,"scriptbitrix":"<script data-b24-form=\"inline\/243\/v8k18a\" data-skip-moving=\"true\">(function(w,d,u){var s=d.createElement('script');s.async=true;s.src=u+'?'+(Date.now()\/180000|0);var h=d.getElementsByTagName('script')[0];h.parentNode.insertBefore(s,h);})(window,document,'https:\/\/cdn.bitrix24.es\/b18116991\/crm\/form\/loader_243.js');<\/script>","seo":{"titulo":"Vacuna antigripal sin costo para nuevos socios","descripcion":"vacuna tetravalente cepa 2024 a domicilio","keywords":"vacunaci\u00f3n antigripal, aplicacion a domicilio, cepa 20424, gripe"}},"_links":{"self":[{"href":"https:\/\/www.vittal.com.ar\/gestion\/wp-json\/wp\/v2\/pages\/10388"}],"collection":[{"href":"https:\/\/www.vittal.com.ar\/gestion\/wp-json\/wp\/v2\/pages"}],"about":[{"href":"https:\/\/www.vittal.com.ar\/gestion\/wp-json\/wp\/v2\/types\/page"}],"author":[{"embeddable":true,"href":"https:\/\/www.vittal.com.ar\/gestion\/wp-json\/wp\/v2\/users\/4"}],"replies":[{"embeddable":true,"href":"https:\/\/www.vittal.com.ar\/gestion\/wp-json\/wp\/v2\/comments?post=10388"}],"version-history":[{"count":13,"href":"https:\/\/www.vittal.com.ar\/gestion\/wp-json\/wp\/v2\/pages\/10388\/revisions"}],"predecessor-version":[{"id":10518,"href":"https:\/\/www.vittal.com.ar\/gestion\/wp-json\/wp\/v2\/pages\/10388\/revisions\/10518"}],"up":[{"embeddable":true,"href":"https:\/\/www.vittal.com.ar\/gestion\/wp-json\/wp\/v2\/pages\/727"}],"wp:attachment":[{"href":"https:\/\/www.vittal.com.ar\/gestion\/wp-json\/wp\/v2\/media?parent=10388"}],"curies":[{"name":"wp","href":"https:\/\/api.w.org\/{rel}","templated":true}]}}