{"id":11370,"date":"2025-08-11T16:05:48","date_gmt":"2025-08-11T19:05:48","guid":{"rendered":"https:\/\/www.vittal.com.ar\/gestion\/?page_id=11370"},"modified":"2026-03-05T11:20:06","modified_gmt":"2026-03-05T14:20:06","slug":"banner-seccion-planes","status":"publish","type":"page","link":"https:\/\/www.vittal.com.ar\/gestion\/banner-seccion-planes\/","title":{"rendered":"Banner Seccion Planes"},"content":{"rendered":"","protected":false},"excerpt":{"rendered":"","protected":false},"author":4,"featured_media":0,"parent":0,"menu_order":0,"comment_status":"closed","ping_status":"closed","template":"","meta":{"footnotes":""},"class_list":["post-11370","page","type-page","status-publish","hentry"],"better_featured_image":null,"yoast_head":"<!-- This site is optimized with the Yoast SEO plugin v22.9 - https:\/\/yoast.com\/wordpress\/plugins\/seo\/ -->\n<title>Banner Seccion Planes - Vittal<\/title>\n<meta name=\"robots\" content=\"index, follow, max-snippet:-1, max-image-preview:large, max-video-preview:-1\" \/>\n<link rel=\"canonical\" href=\"https:\/\/www.vittal.com.ar\/gestion\/banner-seccion-planes\/\" \/>\n<meta property=\"og:locale\" content=\"es_ES\" \/>\n<meta property=\"og:type\" content=\"article\" \/>\n<meta property=\"og:title\" content=\"Banner Seccion Planes - Vittal\" \/>\n<meta property=\"og:url\" content=\"https:\/\/www.vittal.com.ar\/gestion\/banner-seccion-planes\/\" \/>\n<meta property=\"og:site_name\" content=\"Vittal\" \/>\n<meta property=\"article:publisher\" content=\"https:\/\/www.facebook.com\/Tuvidaestaprimero\" \/>\n<meta property=\"article:modified_time\" content=\"2026-03-05T14:20:06+00:00\" \/>\n<meta property=\"og:image\" content=\"https:\/\/www.vittal.com.ar\/gestion\/wp-content\/uploads\/2020\/03\/vittal-logo.jpg\" \/>\n\t<meta property=\"og:image:width\" content=\"300\" \/>\n\t<meta property=\"og:image:height\" content=\"300\" \/>\n\t<meta property=\"og:image:type\" content=\"image\/jpeg\" \/>\n<meta name=\"twitter:card\" content=\"summary_large_image\" \/>\n<!-- \/ Yoast SEO plugin. -->","yoast_head_json":{"title":"Banner Seccion Planes - Vittal","robots":{"index":"index","follow":"follow","max-snippet":"max-snippet:-1","max-image-preview":"max-image-preview:large","max-video-preview":"max-video-preview:-1"},"canonical":"https:\/\/www.vittal.com.ar\/gestion\/banner-seccion-planes\/","og_locale":"es_ES","og_type":"article","og_title":"Banner Seccion Planes - Vittal","og_url":"https:\/\/www.vittal.com.ar\/gestion\/banner-seccion-planes\/","og_site_name":"Vittal","article_publisher":"https:\/\/www.facebook.com\/Tuvidaestaprimero","article_modified_time":"2026-03-05T14:20:06+00:00","og_image":[{"width":300,"height":300,"url":"https:\/\/www.vittal.com.ar\/gestion\/wp-content\/uploads\/2020\/03\/vittal-logo.jpg","type":"image\/jpeg"}],"twitter_card":"summary_large_image","schema":{"@context":"https:\/\/schema.org","@graph":[{"@type":"WebPage","@id":"https:\/\/www.vittal.com.ar\/gestion\/banner-seccion-planes\/","url":"https:\/\/www.vittal.com.ar\/gestion\/banner-seccion-planes\/","name":"Banner Seccion Planes - Vittal","isPartOf":{"@id":"https:\/\/testweb.vittal.com.ar\/gestion\/#website"},"datePublished":"2025-08-11T19:05:48+00:00","dateModified":"2026-03-05T14:20:06+00:00","breadcrumb":{"@id":"https:\/\/www.vittal.com.ar\/gestion\/banner-seccion-planes\/#breadcrumb"},"inLanguage":"es","potentialAction":[{"@type":"ReadAction","target":["https:\/\/www.vittal.com.ar\/gestion\/banner-seccion-planes\/"]}]},{"@type":"BreadcrumbList","@id":"https:\/\/www.vittal.com.ar\/gestion\/banner-seccion-planes\/#breadcrumb","itemListElement":[{"@type":"ListItem","position":1,"name":"Home","item":"https:\/\/testweb.vittal.com.ar\/gestion\/"},{"@type":"ListItem","position":2,"name":"Banner Seccion Planes"}]},{"@type":"WebSite","@id":"https:\/\/testweb.vittal.com.ar\/gestion\/#website","url":"https:\/\/testweb.vittal.com.ar\/gestion\/","name":"Vittal | Emergecias y Urgencias Medicas","description":"Emergencias y urgencias m\u00e9dicas 24hs.","potentialAction":[{"@type":"SearchAction","target":{"@type":"EntryPoint","urlTemplate":"https:\/\/testweb.vittal.com.ar\/gestion\/?s={search_term_string}"},"query-input":"required name=search_term_string"}],"inLanguage":"es"}]}},"acf":{"titulo":"Conoc\u00e9 en detalle cada plan y descubr\u00ed cu\u00e1l se adapta mejor a tu estilo de vida.","subtitulo":"Notas de inter\u00e9s sobre salud","imagen_fondo":{"ID":11372,"id":11372,"title":"banner-1","filename":"banner-1.jpg","filesize":293844,"url":"https:\/\/www.vittal.com.ar\/gestion\/wp-content\/uploads\/2025\/08\/banner-1.jpg","link":"https:\/\/www.vittal.com.ar\/gestion\/banner-seccion-planes\/banner-1\/","alt":"","author":"4","description":"","caption":"","name":"banner-1","status":"inherit","uploaded_to":11370,"date":"2025-08-10 23:35:29","modified":"2025-08-10 23:35:29","menu_order":0,"mime_type":"image\/jpeg","type":"image","subtype":"jpeg","icon":"https:\/\/www.vittal.com.ar\/gestion\/wp-includes\/images\/media\/default.png","width":1526,"height":1080,"sizes":{"thumbnail":"https:\/\/www.vittal.com.ar\/gestion\/wp-content\/uploads\/2025\/08\/banner-1-150x150.jpg","thumbnail-width":150,"thumbnail-height":150,"medium":"https:\/\/www.vittal.com.ar\/gestion\/wp-content\/uploads\/2025\/08\/banner-1-300x212.jpg","medium-width":300,"medium-height":212,"medium_large":"https:\/\/www.vittal.com.ar\/gestion\/wp-content\/uploads\/2025\/08\/banner-1-768x544.jpg","medium_large-width":580,"medium_large-height":411,"large":"https:\/\/www.vittal.com.ar\/gestion\/wp-content\/uploads\/2025\/08\/banner-1-1024x725.jpg","large-width":580,"large-height":411,"1536x1536":"https:\/\/www.vittal.com.ar\/gestion\/wp-content\/uploads\/2025\/08\/banner-1.jpg","1536x1536-width":1526,"1536x1536-height":1080,"2048x2048":"https:\/\/www.vittal.com.ar\/gestion\/wp-content\/uploads\/2025\/08\/banner-1.jpg","2048x2048-width":1526,"2048x2048-height":1080,"post-thumbnail":"https:\/\/www.vittal.com.ar\/gestion\/wp-content\/uploads\/2025\/08\/banner-1-1200x849.jpg","post-thumbnail-width":1200,"post-thumbnail-height":849,"twentytwenty-fullscreen":"https:\/\/www.vittal.com.ar\/gestion\/wp-content\/uploads\/2025\/08\/banner-1.jpg","twentytwenty-fullscreen-width":1526,"twentytwenty-fullscreen-height":1080}},"seo":{"titulo":"","descripcion":"","keywords":""},"bajada":"<p class=\"texto-bajada\">En vittal ofrecemos opciones pensadas para diferentes necesidades, etapas de vida y formas de cuidarte.<\/p>\r\n<p class=\"texto-destacado\">Explor\u00e1 cada uno y eleg\u00ed el plan que te acompa\u00f1e como necesit\u00e1s.<\/p>","link":"","imagenmobile":"https:\/\/www.vittal.com.ar\/gestion\/wp-content\/uploads\/2025\/08\/banner-planes.png","bajadamobile":"<p class=\"texto-bajada\">En vittal ofrecemos opciones pensadas para diferentes necesidades, etapas de vida y formas de cuidarte.<\/p>"},"_links":{"self":[{"href":"https:\/\/www.vittal.com.ar\/gestion\/wp-json\/wp\/v2\/pages\/11370"}],"collection":[{"href":"https:\/\/www.vittal.com.ar\/gestion\/wp-json\/wp\/v2\/pages"}],"about":[{"href":"https:\/\/www.vittal.com.ar\/gestion\/wp-json\/wp\/v2\/types\/page"}],"author":[{"embeddable":true,"href":"https:\/\/www.vittal.com.ar\/gestion\/wp-json\/wp\/v2\/users\/4"}],"replies":[{"embeddable":true,"href":"https:\/\/www.vittal.com.ar\/gestion\/wp-json\/wp\/v2\/comments?post=11370"}],"version-history":[{"count":46,"href":"https:\/\/www.vittal.com.ar\/gestion\/wp-json\/wp\/v2\/pages\/11370\/revisions"}],"predecessor-version":[{"id":11792,"href":"https:\/\/www.vittal.com.ar\/gestion\/wp-json\/wp\/v2\/pages\/11370\/revisions\/11792"}],"wp:attachment":[{"href":"https:\/\/www.vittal.com.ar\/gestion\/wp-json\/wp\/v2\/media?parent=11370"}],"curies":[{"name":"wp","href":"https:\/\/api.w.org\/{rel}","templated":true}]}}