{"id":1395,"date":"2020-07-31T18:53:04","date_gmt":"2020-07-31T18:53:04","guid":{"rendered":"http:\/\/client.elpixel.net\/vittal\/wp-test\/?page_id=1395"},"modified":"2023-08-01T20:03:57","modified_gmt":"2023-08-01T20:03:57","slug":"entidades-de-salud","status":"publish","type":"page","link":"https:\/\/www.vittal.com.ar\/gestion\/empresas\/entidades-de-salud\/","title":{"rendered":"Entidades de salud"},"content":{"rendered":"","protected":false},"excerpt":{"rendered":"","protected":false},"author":4,"featured_media":0,"parent":716,"menu_order":10,"comment_status":"closed","ping_status":"closed","template":"","meta":{"footnotes":""},"class_list":["post-1395","page","type-page","status-publish","hentry"],"better_featured_image":null,"yoast_head":"<!-- This site is optimized with the Yoast SEO plugin v22.9 - https:\/\/yoast.com\/wordpress\/plugins\/seo\/ -->\n<title>Entidades de salud - Vittal<\/title>\n<meta name=\"robots\" content=\"index, follow, max-snippet:-1, max-image-preview:large, max-video-preview:-1\" \/>\n<link rel=\"canonical\" href=\"https:\/\/testweb.vittal.com.ar\/gestion\/empresas\/entidades-de-salud\/\" \/>\n<meta property=\"og:locale\" content=\"es_ES\" \/>\n<meta property=\"og:type\" content=\"article\" \/>\n<meta property=\"og:title\" content=\"Entidades de salud - Vittal\" \/>\n<meta property=\"og:url\" content=\"https:\/\/testweb.vittal.com.ar\/gestion\/empresas\/entidades-de-salud\/\" \/>\n<meta property=\"og:site_name\" content=\"Vittal\" \/>\n<meta property=\"article:publisher\" content=\"https:\/\/www.facebook.com\/Tuvidaestaprimero\" \/>\n<meta property=\"article:modified_time\" content=\"2023-08-01T20:03:57+00:00\" \/>\n<meta property=\"og:image\" content=\"https:\/\/www.vittal.com.ar\/gestion\/wp-content\/uploads\/2020\/03\/vittal-logo.jpg\" \/>\n\t<meta property=\"og:image:width\" content=\"300\" \/>\n\t<meta property=\"og:image:height\" content=\"300\" \/>\n\t<meta property=\"og:image:type\" content=\"image\/jpeg\" \/>\n<meta name=\"twitter:card\" content=\"summary_large_image\" \/>\n<!-- \/ Yoast SEO plugin. -->","yoast_head_json":{"title":"Entidades de salud - Vittal","robots":{"index":"index","follow":"follow","max-snippet":"max-snippet:-1","max-image-preview":"max-image-preview:large","max-video-preview":"max-video-preview:-1"},"canonical":"https:\/\/testweb.vittal.com.ar\/gestion\/empresas\/entidades-de-salud\/","og_locale":"es_ES","og_type":"article","og_title":"Entidades de salud - Vittal","og_url":"https:\/\/testweb.vittal.com.ar\/gestion\/empresas\/entidades-de-salud\/","og_site_name":"Vittal","article_publisher":"https:\/\/www.facebook.com\/Tuvidaestaprimero","article_modified_time":"2023-08-01T20:03:57+00:00","og_image":[{"width":300,"height":300,"url":"https:\/\/www.vittal.com.ar\/gestion\/wp-content\/uploads\/2020\/03\/vittal-logo.jpg","type":"image\/jpeg"}],"twitter_card":"summary_large_image","schema":{"@context":"https:\/\/schema.org","@graph":[{"@type":"WebPage","@id":"https:\/\/testweb.vittal.com.ar\/gestion\/empresas\/entidades-de-salud\/","url":"https:\/\/testweb.vittal.com.ar\/gestion\/empresas\/entidades-de-salud\/","name":"Entidades de salud - Vittal","isPartOf":{"@id":"https:\/\/testweb.vittal.com.ar\/gestion\/#website"},"datePublished":"2020-07-31T18:53:04+00:00","dateModified":"2023-08-01T20:03:57+00:00","breadcrumb":{"@id":"https:\/\/testweb.vittal.com.ar\/gestion\/empresas\/entidades-de-salud\/#breadcrumb"},"inLanguage":"es","potentialAction":[{"@type":"ReadAction","target":["https:\/\/testweb.vittal.com.ar\/gestion\/empresas\/entidades-de-salud\/"]}]},{"@type":"BreadcrumbList","@id":"https:\/\/testweb.vittal.com.ar\/gestion\/empresas\/entidades-de-salud\/#breadcrumb","itemListElement":[{"@type":"ListItem","position":1,"name":"Home","item":"https:\/\/testweb.vittal.com.ar\/gestion\/"},{"@type":"ListItem","position":2,"name":"Empresas","item":"https:\/\/testweb.vittal.com.ar\/gestion\/empresas\/"},{"@type":"ListItem","position":3,"name":"Entidades de salud"}]},{"@type":"WebSite","@id":"https:\/\/testweb.vittal.com.ar\/gestion\/#website","url":"https:\/\/testweb.vittal.com.ar\/gestion\/","name":"Vittal | Emergecias y Urgencias Medicas","description":"Emergencias y urgencias m\u00e9dicas 24hs.","potentialAction":[{"@type":"SearchAction","target":{"@type":"EntryPoint","urlTemplate":"https:\/\/testweb.vittal.com.ar\/gestion\/?s={search_term_string}"},"query-input":"required name=search_term_string"}],"inLanguage":"es"}]}},"acf":{"portada":{"titulo":"Entidades de salud","bajada":"Servicios exclusivos para entidades de salud.","fondo":"https:\/\/www.vittal.com.ar\/gestion\/wp-content\/uploads\/2023\/08\/entidades-de-salud_caratula-invertida.jpg","redirect":""},"header":{"titulo":"Entidades de salud","bajada":"Servicios exclusivos para entidades de salud.","fondo":"https:\/\/www.vittal.com.ar\/gestion\/wp-content\/uploads\/2022\/08\/entidades-de-salud_header.jpg"},"secciones":[{"introduccion":{"titulo":"","bajada":"Divisi\u00f3n especializada en el desarrollo de servicios para entidades de salud: medicina prepaga, obras sociales, mutuales, cooperativas, sindicatos, asociaciones y compa\u00f1\u00edas de asistencia al viajero.\r\nContamos con:<br>\r\n\r\n\t\u2022\tM\u00e9dicos y param\u00e9dicos capacitados y motivados para salvar vidas.<br>\r\n\t\u2022\tPersonal de despacho calificado para respaldar al cliente con soluciones \u00e1giles en todo momento.","foto":"https:\/\/www.vittal.com.ar\/gestion\/wp-content\/uploads\/2022\/08\/entidades-de-salud_imagen-interior-mobile.jpg"},"servicios":{"bajada":"<p style=\"text-align: left;\"><span class=\"s1\">Nuestro conocimiento y experiencia en el sector nos permite brindar una cobertura a la medida de cada organizaci\u00f3n:<\/span><\/p>\n<p style=\"text-align: left;\"><span class=\"s1\">\u2022 Urgencias y emergencias m\u00e9dicas.<br \/>\n\u2022 M\u00e9dicos a domicilio.<br \/>\n\u2022 Traslado de pacientes en ambulancias con o sin m\u00e9dico.<br \/>\n\u2022 Traslados pedi\u00e1tricos y neonatales en unidades equipadas con la m\u00e1s alta tecnolog\u00eda.<br \/>\n\u2022 Traslados aerom\u00e9dicos de alta complejidad.<br \/>\n<\/span><\/p>\n","titulo":"Convenios","subtitulo":"Asociaciones con un gran n\u00famero de personas agrupadas bajo una misma<br> instituci\u00f3n y que reciben la cobertura de vittal a trav\u00e9s de dicha entidad.<br><br>","bullets":false,"box_servicio":[{"imagen":false,"titulo":"Convenio Optativo","bajada":"<p>Los empleados de la instituci\u00f3n deciden sobre su asociaci\u00f3n.<\/p>\n"},{"imagen":false,"titulo":"Convenio Compulsivo","bajada":"<p>La instituci\u00f3n asocia a todo su personal.<\/p>\n"}]}}],"tipo_de_plantilla":"template2","foto_bajada":{"titulo":"Empresas de salud","subtitulo":"M\u00e9dicos y param\u00e9dicos capacitados y motivados para salvar vidas","fondo":"https:\/\/www.vittal.com.ar\/gestion\/wp-content\/uploads\/2020\/09\/empresas-de-salud-back.jpg","bajada":"<p>Contamos con una divisi\u00f3n especializada en el desarrollo de servicios exclusivos para entidades de salud: medicina prepaga, obras sociales, mutuales, cooperativas, sindicatos, asociaciones y compa\u00f1\u00edas de asistencia al viajero.<\/p>\n<ul>\n<li>M\u00e9dicos y param\u00e9dicos capacitados y motivados para salvar vidas.<\/li>\n<li>Personal de despacho calificado para respaldar al cliente con soluciones \u00e1giles en todo momento.<\/li>\n<\/ul>\n<p>Nuestro conocimiento y experiencia en el sector nos permite brindar una cobertura a la medida de cada organizaci\u00f3n.<\/p>\n<ul>\n<li>Urgencias y emergencias m\u00e9dicas.<\/li>\n<li>M\u00e9dicos a domicilio.<\/li>\n<li>Traslado de pacientes en ambulancias con o sin m\u00e9dico.<\/li>\n<li>Traslados pedi\u00e1tricos y neonatales en unidades equipadas con la m\u00e1s alta tecnolog\u00eda.<\/li>\n<li>Traslados aerom\u00e9dicos de alta complejidad.<\/li>\n<\/ul>\n<h2>Convenios<\/h2>\n<p>Asociaciones con un gran n\u00famero de personas agrupadas bajo una misma instituci\u00f3n y que reciben la cobertura de vittal a trav\u00e9s de dicha entidad.<\/p>\n<ul>\n<li><strong>CONVENIO OPTATIVO:<\/strong> Los empleados de la instituci\u00f3n deciden sobre su asociaci\u00f3n.<\/li>\n<li><strong>CONVENIO COMPULSIVO:<\/strong> La instituci\u00f3n asocia a todo su personal.<\/li>\n<\/ul>\n"},"seo":{"titulo":"Entidades de salud","descripcion":"Contamos con una divisi\u00f3n especializada en el desarrollo  de servicios exclusivos para entidades de salud.","keywords":"Empresas de salud, Vittal"},"link":""},"_links":{"self":[{"href":"https:\/\/www.vittal.com.ar\/gestion\/wp-json\/wp\/v2\/pages\/1395"}],"collection":[{"href":"https:\/\/www.vittal.com.ar\/gestion\/wp-json\/wp\/v2\/pages"}],"about":[{"href":"https:\/\/www.vittal.com.ar\/gestion\/wp-json\/wp\/v2\/types\/page"}],"author":[{"embeddable":true,"href":"https:\/\/www.vittal.com.ar\/gestion\/wp-json\/wp\/v2\/users\/4"}],"replies":[{"embeddable":true,"href":"https:\/\/www.vittal.com.ar\/gestion\/wp-json\/wp\/v2\/comments?post=1395"}],"version-history":[{"count":53,"href":"https:\/\/www.vittal.com.ar\/gestion\/wp-json\/wp\/v2\/pages\/1395\/revisions"}],"predecessor-version":[{"id":9293,"href":"https:\/\/www.vittal.com.ar\/gestion\/wp-json\/wp\/v2\/pages\/1395\/revisions\/9293"}],"up":[{"embeddable":true,"href":"https:\/\/www.vittal.com.ar\/gestion\/wp-json\/wp\/v2\/pages\/716"}],"wp:attachment":[{"href":"https:\/\/www.vittal.com.ar\/gestion\/wp-json\/wp\/v2\/media?parent=1395"}],"curies":[{"name":"wp","href":"https:\/\/api.w.org\/{rel}","templated":true}]}}