{"id":1405,"date":"2020-07-31T19:01:12","date_gmt":"2020-07-31T19:01:12","guid":{"rendered":"http:\/\/client.elpixel.net\/vittal\/wp-test\/?page_id=1405"},"modified":"2023-08-01T20:00:04","modified_gmt":"2023-08-01T20:00:04","slug":"servicios-aeromedicos-y-traslados-aereos","status":"publish","type":"page","link":"https:\/\/www.vittal.com.ar\/gestion\/empresas\/servicios-aeromedicos-y-traslados-aereos\/","title":{"rendered":"Servicios Aerom\u00e9dicos"},"content":{"rendered":"","protected":false},"excerpt":{"rendered":"","protected":false},"author":4,"featured_media":0,"parent":716,"menu_order":6,"comment_status":"closed","ping_status":"closed","template":"","meta":{"footnotes":""},"class_list":["post-1405","page","type-page","status-publish","hentry"],"better_featured_image":null,"yoast_head":"<!-- This site is optimized with the Yoast SEO plugin v22.9 - https:\/\/yoast.com\/wordpress\/plugins\/seo\/ -->\n<title>Servicios Aerom\u00e9dicos - Vittal<\/title>\n<meta name=\"robots\" content=\"index, follow, max-snippet:-1, max-image-preview:large, max-video-preview:-1\" \/>\n<link rel=\"canonical\" href=\"https:\/\/testweb.vittal.com.ar\/gestion\/empresas\/servicios-aeromedicos-y-traslados-aereos\/\" \/>\n<meta property=\"og:locale\" content=\"es_ES\" \/>\n<meta property=\"og:type\" content=\"article\" \/>\n<meta property=\"og:title\" content=\"Servicios Aerom\u00e9dicos - Vittal\" \/>\n<meta property=\"og:url\" content=\"https:\/\/testweb.vittal.com.ar\/gestion\/empresas\/servicios-aeromedicos-y-traslados-aereos\/\" \/>\n<meta property=\"og:site_name\" content=\"Vittal\" \/>\n<meta property=\"article:publisher\" content=\"https:\/\/www.facebook.com\/Tuvidaestaprimero\" \/>\n<meta property=\"article:modified_time\" content=\"2023-08-01T20:00:04+00:00\" \/>\n<meta property=\"og:image\" content=\"https:\/\/www.vittal.com.ar\/gestion\/wp-content\/uploads\/2020\/03\/vittal-logo.jpg\" \/>\n\t<meta property=\"og:image:width\" content=\"300\" \/>\n\t<meta property=\"og:image:height\" content=\"300\" \/>\n\t<meta property=\"og:image:type\" content=\"image\/jpeg\" \/>\n<meta name=\"twitter:card\" content=\"summary_large_image\" \/>\n<!-- \/ Yoast SEO plugin. -->","yoast_head_json":{"title":"Servicios Aerom\u00e9dicos - Vittal","robots":{"index":"index","follow":"follow","max-snippet":"max-snippet:-1","max-image-preview":"max-image-preview:large","max-video-preview":"max-video-preview:-1"},"canonical":"https:\/\/testweb.vittal.com.ar\/gestion\/empresas\/servicios-aeromedicos-y-traslados-aereos\/","og_locale":"es_ES","og_type":"article","og_title":"Servicios Aerom\u00e9dicos - Vittal","og_url":"https:\/\/testweb.vittal.com.ar\/gestion\/empresas\/servicios-aeromedicos-y-traslados-aereos\/","og_site_name":"Vittal","article_publisher":"https:\/\/www.facebook.com\/Tuvidaestaprimero","article_modified_time":"2023-08-01T20:00:04+00:00","og_image":[{"width":300,"height":300,"url":"https:\/\/www.vittal.com.ar\/gestion\/wp-content\/uploads\/2020\/03\/vittal-logo.jpg","type":"image\/jpeg"}],"twitter_card":"summary_large_image","schema":{"@context":"https:\/\/schema.org","@graph":[{"@type":"WebPage","@id":"https:\/\/testweb.vittal.com.ar\/gestion\/empresas\/servicios-aeromedicos-y-traslados-aereos\/","url":"https:\/\/testweb.vittal.com.ar\/gestion\/empresas\/servicios-aeromedicos-y-traslados-aereos\/","name":"Servicios Aerom\u00e9dicos - Vittal","isPartOf":{"@id":"https:\/\/testweb.vittal.com.ar\/gestion\/#website"},"datePublished":"2020-07-31T19:01:12+00:00","dateModified":"2023-08-01T20:00:04+00:00","breadcrumb":{"@id":"https:\/\/testweb.vittal.com.ar\/gestion\/empresas\/servicios-aeromedicos-y-traslados-aereos\/#breadcrumb"},"inLanguage":"es","potentialAction":[{"@type":"ReadAction","target":["https:\/\/testweb.vittal.com.ar\/gestion\/empresas\/servicios-aeromedicos-y-traslados-aereos\/"]}]},{"@type":"BreadcrumbList","@id":"https:\/\/testweb.vittal.com.ar\/gestion\/empresas\/servicios-aeromedicos-y-traslados-aereos\/#breadcrumb","itemListElement":[{"@type":"ListItem","position":1,"name":"Home","item":"https:\/\/testweb.vittal.com.ar\/gestion\/"},{"@type":"ListItem","position":2,"name":"Empresas","item":"https:\/\/testweb.vittal.com.ar\/gestion\/empresas\/"},{"@type":"ListItem","position":3,"name":"Servicios Aerom\u00e9dicos"}]},{"@type":"WebSite","@id":"https:\/\/testweb.vittal.com.ar\/gestion\/#website","url":"https:\/\/testweb.vittal.com.ar\/gestion\/","name":"Vittal | Emergecias y Urgencias Medicas","description":"Emergencias y urgencias m\u00e9dicas 24hs.","potentialAction":[{"@type":"SearchAction","target":{"@type":"EntryPoint","urlTemplate":"https:\/\/testweb.vittal.com.ar\/gestion\/?s={search_term_string}"},"query-input":"required name=search_term_string"}],"inLanguage":"es"}]}},"acf":{"portada":{"titulo":"Servicios aerom\u00e9dicos","bajada":"Garantizamos respuesta, disponibilidad<br> y rapidez para casos de urgencia<br> m\u00e9dica o derivaci\u00f3n las 24 horas.\r\n\r\n","fondo":"https:\/\/www.vittal.com.ar\/gestion\/wp-content\/uploads\/2022\/08\/servicios-aeromedicos_caratula-empresas.jpg","redirect":""},"header":{"titulo":"Servicios aerom\u00e9dicos","bajada":"Garantizamos respuesta, disponibilidad y rapidez para casos de urgencia m\u00e9dica o derivaci\u00f3n las 24 horas.","fondo":"https:\/\/www.vittal.com.ar\/gestion\/wp-content\/uploads\/2022\/08\/servicios-aeromedicos_header.jpg"},"secciones":[{"introduccion":{"titulo":"","bajada":"Contamos con la \u00faltima tecnolog\u00eda aerom\u00e9dica, el m\u00e1s completo equipamiento y una especializada tripulaci\u00f3n tanto Operativa como M\u00e9dica. Disponemos de un entrenado plantel de profesionales m\u00e9dicos, que adem\u00e1s cuentan con el curso habilitante de m\u00e9dicos aeroevacuadores, dedicado exclusivamente a traslados a\u00e9reos de pacientes adultos, pedi\u00e1tricos y neonatales.","foto":"https:\/\/www.vittal.com.ar\/gestion\/wp-content\/uploads\/2022\/08\/servicios-aeromedicos_imagen-interior-mobile.jpg"},"servicios":{"bajada":"<h2 style=\"text-align: center;\"><span style=\"color: #005ab8;\"><strong>Nuestra Flota<\/strong><\/span><\/h2>\n<p style=\"text-align: center;\"><span style=\"font-weight: 400;\"><br \/>\nEspecialmenta equipada, nos permite cubrir amplias zonas en menor tiempo y trasladar r\u00e1pidamente pacientes en estado cr\u00edtico, as\u00ed como acercar un m\u00e9dico a lugares de dif\u00edcil acceso. Cumplimos con los requerimientos de los traslados a\u00e9reos m\u00e1s demandantes, garantizando alta calidad de atenci\u00f3n a nuestros pacientes las 24 horas, los 365 d\u00edas del a\u00f1o.<\/span><\/p>\n","titulo":"","subtitulo":"","bullets":false,"box_servicio":[{"imagen":"https:\/\/www.vittal.com.ar\/gestion\/wp-content\/uploads\/2020\/08\/01.jpg","titulo":"Jet Cessna Citation Bravo:","bajada":"<p><span style=\"font-weight: 400;\">\u00a0elegido para traslados a\u00e9reos de larga distancia por su autonom\u00eda y velocidad.<\/span><\/p>\n"},{"imagen":"https:\/\/www.vittal.com.ar\/gestion\/wp-content\/uploads\/2020\/08\/02.jpg","titulo":"Avi\u00f3n turboh\u00e9lice Beechcraft:","bajada":"<p><span style=\"font-weight: 400;\">ideal para realizar trayectos cortos logrando mayor cobertura y accesibilidad.<\/span><\/p>\n"},{"imagen":"https:\/\/www.vittal.com.ar\/gestion\/wp-content\/uploads\/2020\/08\/03.jpg","titulo":"Helic\u00f3ptero Bell 206 Jet Ranger III:","bajada":"<p><span style=\"font-weight: 400;\">Entre sus ventajas se destacan la posibilidad de acceso a zonas restringidas por su rapidez, versatilidad y capacidad de maniobra.<\/span><\/p>\n"}]}},{"introduccion":{"titulo":"LICENCIA Y CERTIFICADOS","bajada":"medevac dispone de todos los certificados habilitantes y la log\u00edstica necesaria propia para realizar traslados a\u00e9reos, cumpliendo con los requerimientos de los programas de servicios aerom\u00e9dicos m\u00e1s demandantes.","foto":"https:\/\/www.vittal.com.ar\/gestion\/wp-content\/uploads\/2020\/08\/lic.png"},"servicios":{"bajada":"<p style=\"text-align: center;\"><span style=\"font-weight: 400;\">Puede comunicarse al\u00a0(54 11) 4000-8880\u00a0\u00f3\u00a04000-8815, escribirnos a\u00a0<a href=\"mailto:vuelos@vittal.com.ar\">vuelos@vittal.com.ar<\/a> o complete el <a href=\"http:\/\/clientes.elpixel.net\/vittal\/web\/contacto\">formulario<\/a>.<\/span><\/p>\n","titulo":"","subtitulo":"","bullets":false,"box_servicio":false}}],"tipo_de_plantilla":"template2","seo":{"titulo":"Servicios aerom\u00e9dicos","descripcion":"Garantizamos respuesta, disponibilidad y rapidez para casos de urgencia m\u00e9dica o derivaci\u00f3n las 24 horas.","keywords":"Servicios aerom\u00e9dicos, vittal"},"link":"aeromedicina\/servicios-aeromedicos-y-traslados-aereos"},"_links":{"self":[{"href":"https:\/\/www.vittal.com.ar\/gestion\/wp-json\/wp\/v2\/pages\/1405"}],"collection":[{"href":"https:\/\/www.vittal.com.ar\/gestion\/wp-json\/wp\/v2\/pages"}],"about":[{"href":"https:\/\/www.vittal.com.ar\/gestion\/wp-json\/wp\/v2\/types\/page"}],"author":[{"embeddable":true,"href":"https:\/\/www.vittal.com.ar\/gestion\/wp-json\/wp\/v2\/users\/4"}],"replies":[{"embeddable":true,"href":"https:\/\/www.vittal.com.ar\/gestion\/wp-json\/wp\/v2\/comments?post=1405"}],"version-history":[{"count":37,"href":"https:\/\/www.vittal.com.ar\/gestion\/wp-json\/wp\/v2\/pages\/1405\/revisions"}],"predecessor-version":[{"id":9290,"href":"https:\/\/www.vittal.com.ar\/gestion\/wp-json\/wp\/v2\/pages\/1405\/revisions\/9290"}],"up":[{"embeddable":true,"href":"https:\/\/www.vittal.com.ar\/gestion\/wp-json\/wp\/v2\/pages\/716"}],"wp:attachment":[{"href":"https:\/\/www.vittal.com.ar\/gestion\/wp-json\/wp\/v2\/media?parent=1405"}],"curies":[{"name":"wp","href":"https:\/\/api.w.org\/{rel}","templated":true}]}}