{"id":4080,"date":"2022-02-17T17:11:34","date_gmt":"2022-02-17T17:11:34","guid":{"rendered":"http:\/\/client.elpixel.net\/vittal\/wp-test\/?page_id=4080"},"modified":"2025-05-22T12:02:23","modified_gmt":"2025-05-22T15:02:23","slug":"asistencia-al-viajero-emailing","status":"publish","type":"page","link":"https:\/\/www.vittal.com.ar\/gestion\/landing\/asistencia-al-viajero-emailing\/","title":{"rendered":"Asistencia al viajero | Emailing"},"content":{"rendered":"","protected":false},"excerpt":{"rendered":"","protected":false},"author":4,"featured_media":0,"parent":727,"menu_order":0,"comment_status":"closed","ping_status":"closed","template":"","meta":{"footnotes":""},"class_list":["post-4080","page","type-page","status-publish","hentry"],"better_featured_image":null,"yoast_head":"<!-- This site is optimized with the Yoast SEO plugin v22.9 - https:\/\/yoast.com\/wordpress\/plugins\/seo\/ -->\n<title>Asistencia al viajero | Emailing - Vittal<\/title>\n<meta name=\"robots\" content=\"index, follow, max-snippet:-1, max-image-preview:large, max-video-preview:-1\" \/>\n<link rel=\"canonical\" href=\"https:\/\/www.vittal.com.ar\/gestion\/landing\/asistencia-al-viajero-emailing\/\" \/>\n<meta property=\"og:locale\" content=\"es_ES\" \/>\n<meta property=\"og:type\" content=\"article\" \/>\n<meta property=\"og:title\" content=\"Asistencia al viajero | Emailing - Vittal\" \/>\n<meta property=\"og:url\" content=\"https:\/\/www.vittal.com.ar\/gestion\/landing\/asistencia-al-viajero-emailing\/\" \/>\n<meta property=\"og:site_name\" content=\"Vittal\" \/>\n<meta property=\"article:publisher\" content=\"https:\/\/www.facebook.com\/Tuvidaestaprimero\" \/>\n<meta property=\"article:modified_time\" content=\"2025-05-22T15:02:23+00:00\" \/>\n<meta property=\"og:image\" content=\"https:\/\/www.vittal.com.ar\/gestion\/wp-content\/uploads\/2020\/03\/vittal-logo.jpg\" \/>\n\t<meta property=\"og:image:width\" content=\"300\" \/>\n\t<meta property=\"og:image:height\" content=\"300\" \/>\n\t<meta property=\"og:image:type\" content=\"image\/jpeg\" \/>\n<meta name=\"twitter:card\" content=\"summary_large_image\" \/>\n<!-- \/ Yoast SEO plugin. -->","yoast_head_json":{"title":"Asistencia al viajero | Emailing - Vittal","robots":{"index":"index","follow":"follow","max-snippet":"max-snippet:-1","max-image-preview":"max-image-preview:large","max-video-preview":"max-video-preview:-1"},"canonical":"https:\/\/www.vittal.com.ar\/gestion\/landing\/asistencia-al-viajero-emailing\/","og_locale":"es_ES","og_type":"article","og_title":"Asistencia al viajero | Emailing - Vittal","og_url":"https:\/\/www.vittal.com.ar\/gestion\/landing\/asistencia-al-viajero-emailing\/","og_site_name":"Vittal","article_publisher":"https:\/\/www.facebook.com\/Tuvidaestaprimero","article_modified_time":"2025-05-22T15:02:23+00:00","og_image":[{"width":300,"height":300,"url":"https:\/\/www.vittal.com.ar\/gestion\/wp-content\/uploads\/2020\/03\/vittal-logo.jpg","type":"image\/jpeg"}],"twitter_card":"summary_large_image","schema":{"@context":"https:\/\/schema.org","@graph":[{"@type":"WebPage","@id":"https:\/\/www.vittal.com.ar\/gestion\/landing\/asistencia-al-viajero-emailing\/","url":"https:\/\/www.vittal.com.ar\/gestion\/landing\/asistencia-al-viajero-emailing\/","name":"Asistencia al viajero | Emailing - Vittal","isPartOf":{"@id":"https:\/\/testweb.vittal.com.ar\/gestion\/#website"},"datePublished":"2022-02-17T17:11:34+00:00","dateModified":"2025-05-22T15:02:23+00:00","breadcrumb":{"@id":"https:\/\/www.vittal.com.ar\/gestion\/landing\/asistencia-al-viajero-emailing\/#breadcrumb"},"inLanguage":"es","potentialAction":[{"@type":"ReadAction","target":["https:\/\/www.vittal.com.ar\/gestion\/landing\/asistencia-al-viajero-emailing\/"]}]},{"@type":"BreadcrumbList","@id":"https:\/\/www.vittal.com.ar\/gestion\/landing\/asistencia-al-viajero-emailing\/#breadcrumb","itemListElement":[{"@type":"ListItem","position":1,"name":"Home","item":"https:\/\/testweb.vittal.com.ar\/gestion\/"},{"@type":"ListItem","position":2,"name":"Landings","item":"https:\/\/testweb.vittal.com.ar\/gestion\/landing\/"},{"@type":"ListItem","position":3,"name":"Asistencia al viajero | Emailing"}]},{"@type":"WebSite","@id":"https:\/\/testweb.vittal.com.ar\/gestion\/#website","url":"https:\/\/testweb.vittal.com.ar\/gestion\/","name":"Vittal | Emergecias y Urgencias Medicas","description":"Emergencias y urgencias m\u00e9dicas 24hs.","potentialAction":[{"@type":"SearchAction","target":{"@type":"EntryPoint","urlTemplate":"https:\/\/testweb.vittal.com.ar\/gestion\/?s={search_term_string}"},"query-input":"required name=search_term_string"}],"inLanguage":"es"}]}},"acf":{"tipo_de_landing":"Landing Contacto Bitrix","landing_contacto":{"telefono":"","titulo":"Asociate ahora a vittal y disfrut\u00e1 de tus vacaciones protegido","bajada":"<p>Todos nuestros planes cuentan con la cobertura internacional al viajero de Assistravel y asistencia m\u00e9dica en el pa\u00eds.<\/p>\n<p>Adem\u00e1s, vas a obtener los servicios m\u00e9dicos de\u00a0<strong>vittal<\/strong>: urgencias y emergencias, cartilla m\u00e9dica, descuentos en farmacias, m\u00e9dico de familia, apto f\u00edsico escolar a domicilio y mucho m\u00e1s.<\/p>\n","imagen":"https:\/\/www.vittal.com.ar\/gestion\/wp-content\/uploads\/2022\/02\/asistencia-al-viajero-desktop.jpg","imagenmobile":"https:\/\/www.vittal.com.ar\/gestion\/wp-content\/uploads\/2022\/02\/asistencia-al-viajero-mobile.jpg","titulo_formulario":"Complet\u00e1 el formulario","codigo_formulario":1217,"beneficios":[{"icono":"https:\/\/www.vittal.com.ar\/gestion\/wp-content\/uploads\/2022\/02\/covid19.png","texto":"Asistencia ante COVID-19"},{"icono":"https:\/\/www.vittal.com.ar\/gestion\/wp-content\/uploads\/2022\/02\/internaciones-hospital.png","texto":"Internaci\u00f3n\/Cirug\u00edas"},{"icono":"https:\/\/www.vittal.com.ar\/gestion\/wp-content\/uploads\/2022\/02\/examenes-medicos.png","texto":"Ex\u00e1menes m\u00e9dicos"},{"icono":"https:\/\/www.vittal.com.ar\/gestion\/wp-content\/uploads\/2022\/02\/seguro-de-equipaje.png","texto":"Seguro de equipaje"},{"icono":"https:\/\/www.vittal.com.ar\/gestion\/wp-content\/uploads\/2022\/02\/asistencia-legal.png","texto":"Asistencia Legal"},{"icono":"https:\/\/www.vittal.com.ar\/gestion\/wp-content\/uploads\/2022\/01\/icono-odontologia-1.png","texto":"Odontolog\u00eda"},{"icono":"https:\/\/www.vittal.com.ar\/gestion\/wp-content\/uploads\/2022\/02\/medicamentos.png","texto":"Medicamentos"}],"legales":"(*) Servicio Gold incluido en el plan prestado por Asisstravel y vittal. Servicio Eminent con pago adicional para todos los planes. Para mayor informaci\u00f3n, detalle de los servicios incluidos, y\/o consultar disponibilidad geogr\u00e1fica comun\u00edquese llamando al tel. (011) 4555-2057 o 0810-888-48825 para el interior del pa\u00eds. Cobertura internacional: Los socios de vittal cuentan con cobertura internacional a trav\u00e9s de Assistravel. Alcances y limitaciones Para mayor informaci\u00f3n, detalle de los servicios incluidos, y\/o consultar disponibilidad geogr\u00e1fica comun\u00edquese llamando al tel. (011) 4555-2057 o 0810-888-48825 para el interior del pa\u00eds. Socorro M\u00e9dico Privado S.A. CUIT 30-61221341-7. Av. \u00c1lvarez Thomas 1154 C.A.B.A. S\u00faper Intendencia de Servicios de Salud 0800-222-Salud. Registro Nacional de empresa de medicina Prepaga N\u00b0113052. \"El titular de los datos personales tiene la facultad de ejercer el derecho de acceso a los mismos en forma gratuita a intervalos no inferiores a seis meses, salvo que se acredite un inter\u00e9s leg\u00edtimo al efecto conforme lo establecido en el art\u00edculo 14, inciso 3 de la Ley N\u00ba 25.326\". \"La DIRECCI\u00d3N NACIONAL DE PROTECCI\u00d3N DE DATOS PERSONALES, \u00d3rgano de Control de la Ley N\u00ba 25.326, tiene la atribuci\u00f3n de atender las denuncias y reclamos que se interpongan con relaci\u00f3n al incumplimiento de las normas sobre protecci\u00f3n de datos personales\"."},"activarbitrix":true,"scriptbitrix":"<script data-b24-form=\"inline\/9\/n8uizk\" data-skip-moving=\"true\">\r\n        (function(w,d,u){\r\n                var s=d.createElement('script');s.async=true;s.src=u+'?'+(Date.now()\/180000|0);\r\n                var h=d.getElementsByTagName('script')[0];h.parentNode.insertBefore(s,h);\r\n        })(window,document,'https:\/\/cdn.bitrix24.es\/b18116991\/crm\/form\/loader_9.js');\r\n<\/script>","seo":{"titulo":"","descripcion":"","keywords":""},"precio":1056},"_links":{"self":[{"href":"https:\/\/www.vittal.com.ar\/gestion\/wp-json\/wp\/v2\/pages\/4080"}],"collection":[{"href":"https:\/\/www.vittal.com.ar\/gestion\/wp-json\/wp\/v2\/pages"}],"about":[{"href":"https:\/\/www.vittal.com.ar\/gestion\/wp-json\/wp\/v2\/types\/page"}],"author":[{"embeddable":true,"href":"https:\/\/www.vittal.com.ar\/gestion\/wp-json\/wp\/v2\/users\/4"}],"replies":[{"embeddable":true,"href":"https:\/\/www.vittal.com.ar\/gestion\/wp-json\/wp\/v2\/comments?post=4080"}],"version-history":[{"count":23,"href":"https:\/\/www.vittal.com.ar\/gestion\/wp-json\/wp\/v2\/pages\/4080\/revisions"}],"predecessor-version":[{"id":11156,"href":"https:\/\/www.vittal.com.ar\/gestion\/wp-json\/wp\/v2\/pages\/4080\/revisions\/11156"}],"up":[{"embeddable":true,"href":"https:\/\/www.vittal.com.ar\/gestion\/wp-json\/wp\/v2\/pages\/727"}],"wp:attachment":[{"href":"https:\/\/www.vittal.com.ar\/gestion\/wp-json\/wp\/v2\/media?parent=4080"}],"curies":[{"name":"wp","href":"https:\/\/api.w.org\/{rel}","templated":true}]}}