{"id":4843,"date":"2022-08-17T20:31:05","date_gmt":"2022-08-17T20:31:05","guid":{"rendered":"http:\/\/191.234.164.21\/gestion\/?page_id=4843"},"modified":"2026-03-30T14:22:26","modified_gmt":"2026-03-30T17:22:26","slug":"promo-vittal-1x1","status":"publish","type":"page","link":"https:\/\/www.vittal.com.ar\/gestion\/planes\/promos\/promo-vittal-1x1\/","title":{"rendered":"Promo 1&#215;1"},"content":{"rendered":"","protected":false},"excerpt":{"rendered":"","protected":false},"author":4,"featured_media":0,"parent":180,"menu_order":6,"comment_status":"closed","ping_status":"closed","template":"","meta":{"footnotes":""},"class_list":["post-4843","page","type-page","status-publish","hentry"],"better_featured_image":null,"yoast_head":"<!-- This site is optimized with the Yoast SEO plugin v22.9 - https:\/\/yoast.com\/wordpress\/plugins\/seo\/ -->\n<title>Promo 1x1 - Vittal<\/title>\n<meta name=\"robots\" content=\"index, follow, max-snippet:-1, max-image-preview:large, max-video-preview:-1\" \/>\n<link rel=\"canonical\" href=\"https:\/\/www.vittal.com.ar\/gestion\/planes\/promos\/promo-vittal-1x1\/\" \/>\n<meta property=\"og:locale\" content=\"es_ES\" \/>\n<meta property=\"og:type\" content=\"article\" \/>\n<meta property=\"og:title\" content=\"Promo 1x1 - Vittal\" \/>\n<meta property=\"og:url\" content=\"https:\/\/www.vittal.com.ar\/gestion\/planes\/promos\/promo-vittal-1x1\/\" \/>\n<meta property=\"og:site_name\" content=\"Vittal\" \/>\n<meta property=\"article:publisher\" content=\"https:\/\/www.facebook.com\/Tuvidaestaprimero\" \/>\n<meta property=\"article:modified_time\" content=\"2026-03-30T17:22:26+00:00\" \/>\n<meta property=\"og:image\" content=\"https:\/\/www.vittal.com.ar\/gestion\/wp-content\/uploads\/2020\/03\/vittal-logo.jpg\" \/>\n\t<meta property=\"og:image:width\" content=\"300\" \/>\n\t<meta property=\"og:image:height\" content=\"300\" \/>\n\t<meta property=\"og:image:type\" content=\"image\/jpeg\" \/>\n<meta name=\"twitter:card\" content=\"summary_large_image\" \/>\n<!-- \/ Yoast SEO plugin. -->","yoast_head_json":{"title":"Promo 1x1 - Vittal","robots":{"index":"index","follow":"follow","max-snippet":"max-snippet:-1","max-image-preview":"max-image-preview:large","max-video-preview":"max-video-preview:-1"},"canonical":"https:\/\/www.vittal.com.ar\/gestion\/planes\/promos\/promo-vittal-1x1\/","og_locale":"es_ES","og_type":"article","og_title":"Promo 1x1 - Vittal","og_url":"https:\/\/www.vittal.com.ar\/gestion\/planes\/promos\/promo-vittal-1x1\/","og_site_name":"Vittal","article_publisher":"https:\/\/www.facebook.com\/Tuvidaestaprimero","article_modified_time":"2026-03-30T17:22:26+00:00","og_image":[{"width":300,"height":300,"url":"https:\/\/www.vittal.com.ar\/gestion\/wp-content\/uploads\/2020\/03\/vittal-logo.jpg","type":"image\/jpeg"}],"twitter_card":"summary_large_image","schema":{"@context":"https:\/\/schema.org","@graph":[{"@type":"WebPage","@id":"https:\/\/www.vittal.com.ar\/gestion\/planes\/promos\/promo-vittal-1x1\/","url":"https:\/\/www.vittal.com.ar\/gestion\/planes\/promos\/promo-vittal-1x1\/","name":"Promo 1x1 - Vittal","isPartOf":{"@id":"https:\/\/testweb.vittal.com.ar\/gestion\/#website"},"datePublished":"2022-08-17T20:31:05+00:00","dateModified":"2026-03-30T17:22:26+00:00","breadcrumb":{"@id":"https:\/\/www.vittal.com.ar\/gestion\/planes\/promos\/promo-vittal-1x1\/#breadcrumb"},"inLanguage":"es","potentialAction":[{"@type":"ReadAction","target":["https:\/\/www.vittal.com.ar\/gestion\/planes\/promos\/promo-vittal-1x1\/"]}]},{"@type":"BreadcrumbList","@id":"https:\/\/www.vittal.com.ar\/gestion\/planes\/promos\/promo-vittal-1x1\/#breadcrumb","itemListElement":[{"@type":"ListItem","position":1,"name":"Home","item":"https:\/\/testweb.vittal.com.ar\/gestion\/"},{"@type":"ListItem","position":2,"name":"Planes","item":"https:\/\/www.vittal.com.ar\/gestion\/planes\/"},{"@type":"ListItem","position":3,"name":"Promos","item":"https:\/\/www.vittal.com.ar\/gestion\/planes\/promos\/"},{"@type":"ListItem","position":4,"name":"Promo 1&#215;1"}]},{"@type":"WebSite","@id":"https:\/\/testweb.vittal.com.ar\/gestion\/#website","url":"https:\/\/testweb.vittal.com.ar\/gestion\/","name":"Vittal | Emergecias y Urgencias Medicas","description":"Emergencias y urgencias m\u00e9dicas 24hs.","potentialAction":[{"@type":"SearchAction","target":{"@type":"EntryPoint","urlTemplate":"https:\/\/testweb.vittal.com.ar\/gestion\/?s={search_term_string}"},"query-input":"required name=search_term_string"}],"inLanguage":"es"}]}},"acf":{"portada":{"imagen":"https:\/\/www.vittal.com.ar\/gestion\/wp-content\/uploads\/2022\/08\/hijos-gratis_interior-promo.jpg","titulo":"Promo 1x1","descripcion":"Un menor gratis por cada adulto.","label_boton":"Ver m\u00e1s ","redirect":{"utilizar_redireccionamiento":false,"url":""}},"interior":{"imagen_fondo":"https:\/\/www.vittal.com.ar\/gestion\/wp-content\/uploads\/2022\/08\/hijos-gratis_interior-promo.jpg","imagenMobile":"https:\/\/www.vittal.com.ar\/gestion\/wp-content\/uploads\/2022\/08\/hijos-gratis_portada-promo.jpg","titulo":"Un menor gratis por cada adulto","subtitulo":"Contrat\u00e1 tu plan de salud","contenido":"<p class=\"\" data-start=\"118\" data-end=\"194\"><strong data-start=\"73\" data-end=\"112\">Por cada adulto, un ni\u00f1o sin costo.<\/strong><br data-start=\"112\" data-end=\"115\" \/>As\u00ed de simple, as\u00ed de claro.<\/p>\n<p class=\"\" data-start=\"196\" data-end=\"372\">Con los nuevos planes <a href=\"\/planes\/plan-bienestar\/\">vittal Bienestar<\/a> y <a href=\"\/planes\/plan-integral\/\">vittal Integral<\/a>, pod\u00e9s sumar a tu hijo sin pagar de m\u00e1s. Porque cuidar de los que m\u00e1s quer\u00e9s tambi\u00e9n es parte de nuestro compromiso con tu salud.<\/p>\n","link":{"label":"","url":"","externo":false},"on_demand":{"titulo":"","subtitulo":"","label":"","link":""},"legales":""},"plantilla":"adic","seo":{"titulo":"Un hijo gratis por cada adulto","descripcion":"promo vittal","keywords":""}},"_links":{"self":[{"href":"https:\/\/www.vittal.com.ar\/gestion\/wp-json\/wp\/v2\/pages\/4843"}],"collection":[{"href":"https:\/\/www.vittal.com.ar\/gestion\/wp-json\/wp\/v2\/pages"}],"about":[{"href":"https:\/\/www.vittal.com.ar\/gestion\/wp-json\/wp\/v2\/types\/page"}],"author":[{"embeddable":true,"href":"https:\/\/www.vittal.com.ar\/gestion\/wp-json\/wp\/v2\/users\/4"}],"replies":[{"embeddable":true,"href":"https:\/\/www.vittal.com.ar\/gestion\/wp-json\/wp\/v2\/comments?post=4843"}],"version-history":[{"count":11,"href":"https:\/\/www.vittal.com.ar\/gestion\/wp-json\/wp\/v2\/pages\/4843\/revisions"}],"predecessor-version":[{"id":11804,"href":"https:\/\/www.vittal.com.ar\/gestion\/wp-json\/wp\/v2\/pages\/4843\/revisions\/11804"}],"up":[{"embeddable":true,"href":"https:\/\/www.vittal.com.ar\/gestion\/wp-json\/wp\/v2\/pages\/180"}],"wp:attachment":[{"href":"https:\/\/www.vittal.com.ar\/gestion\/wp-json\/wp\/v2\/media?parent=4843"}],"curies":[{"name":"wp","href":"https:\/\/api.w.org\/{rel}","templated":true}]}}