{"id":693,"date":"2020-03-25T16:21:47","date_gmt":"2020-03-25T16:21:47","guid":{"rendered":"http:\/\/client.elpixel.net\/vittal\/wp-test\/?page_id=693"},"modified":"2026-01-02T21:00:01","modified_gmt":"2026-01-03T00:00:01","slug":"cobertura-de-eventos","status":"publish","type":"page","link":"https:\/\/www.vittal.com.ar\/gestion\/areas-protegidas\/cobertura-de-eventos\/","title":{"rendered":"Cobertura de eventos"},"content":{"rendered":"","protected":false},"excerpt":{"rendered":"","protected":false},"author":4,"featured_media":0,"parent":686,"menu_order":3,"comment_status":"closed","ping_status":"closed","template":"","meta":{"footnotes":""},"class_list":["post-693","page","type-page","status-publish","hentry"],"better_featured_image":null,"yoast_head":"<!-- This site is optimized with the Yoast SEO plugin v22.9 - https:\/\/yoast.com\/wordpress\/plugins\/seo\/ -->\n<title>Cobertura de eventos - Vittal<\/title>\n<meta name=\"robots\" content=\"index, follow, max-snippet:-1, max-image-preview:large, max-video-preview:-1\" \/>\n<link rel=\"canonical\" href=\"https:\/\/www.vittal.com.ar\/gestion\/areas-protegidas\/cobertura-de-eventos\/\" \/>\n<meta property=\"og:locale\" content=\"es_ES\" \/>\n<meta property=\"og:type\" content=\"article\" \/>\n<meta property=\"og:title\" content=\"Cobertura de eventos - Vittal\" \/>\n<meta property=\"og:url\" content=\"https:\/\/www.vittal.com.ar\/gestion\/areas-protegidas\/cobertura-de-eventos\/\" \/>\n<meta property=\"og:site_name\" content=\"Vittal\" \/>\n<meta property=\"article:publisher\" content=\"https:\/\/www.facebook.com\/Tuvidaestaprimero\" \/>\n<meta property=\"article:modified_time\" content=\"2026-01-03T00:00:01+00:00\" \/>\n<meta property=\"og:image\" content=\"https:\/\/www.vittal.com.ar\/gestion\/wp-content\/uploads\/2020\/03\/vittal-logo.jpg\" \/>\n\t<meta property=\"og:image:width\" content=\"300\" \/>\n\t<meta property=\"og:image:height\" content=\"300\" \/>\n\t<meta property=\"og:image:type\" content=\"image\/jpeg\" \/>\n<meta name=\"twitter:card\" content=\"summary_large_image\" \/>\n<!-- \/ Yoast SEO plugin. -->","yoast_head_json":{"title":"Cobertura de eventos - Vittal","robots":{"index":"index","follow":"follow","max-snippet":"max-snippet:-1","max-image-preview":"max-image-preview:large","max-video-preview":"max-video-preview:-1"},"canonical":"https:\/\/www.vittal.com.ar\/gestion\/areas-protegidas\/cobertura-de-eventos\/","og_locale":"es_ES","og_type":"article","og_title":"Cobertura de eventos - Vittal","og_url":"https:\/\/www.vittal.com.ar\/gestion\/areas-protegidas\/cobertura-de-eventos\/","og_site_name":"Vittal","article_publisher":"https:\/\/www.facebook.com\/Tuvidaestaprimero","article_modified_time":"2026-01-03T00:00:01+00:00","og_image":[{"width":300,"height":300,"url":"https:\/\/www.vittal.com.ar\/gestion\/wp-content\/uploads\/2020\/03\/vittal-logo.jpg","type":"image\/jpeg"}],"twitter_card":"summary_large_image","schema":{"@context":"https:\/\/schema.org","@graph":[{"@type":"WebPage","@id":"https:\/\/www.vittal.com.ar\/gestion\/areas-protegidas\/cobertura-de-eventos\/","url":"https:\/\/www.vittal.com.ar\/gestion\/areas-protegidas\/cobertura-de-eventos\/","name":"Cobertura de eventos - Vittal","isPartOf":{"@id":"https:\/\/testweb.vittal.com.ar\/gestion\/#website"},"datePublished":"2020-03-25T16:21:47+00:00","dateModified":"2026-01-03T00:00:01+00:00","breadcrumb":{"@id":"https:\/\/www.vittal.com.ar\/gestion\/areas-protegidas\/cobertura-de-eventos\/#breadcrumb"},"inLanguage":"es","potentialAction":[{"@type":"ReadAction","target":["https:\/\/www.vittal.com.ar\/gestion\/areas-protegidas\/cobertura-de-eventos\/"]}]},{"@type":"BreadcrumbList","@id":"https:\/\/www.vittal.com.ar\/gestion\/areas-protegidas\/cobertura-de-eventos\/#breadcrumb","itemListElement":[{"@type":"ListItem","position":1,"name":"Home","item":"https:\/\/testweb.vittal.com.ar\/gestion\/"},{"@type":"ListItem","position":2,"name":"Areas Protegidas","item":"https:\/\/testweb.vittal.com.ar\/gestion\/areas-protegidas\/"},{"@type":"ListItem","position":3,"name":"Cobertura de eventos"}]},{"@type":"WebSite","@id":"https:\/\/testweb.vittal.com.ar\/gestion\/#website","url":"https:\/\/testweb.vittal.com.ar\/gestion\/","name":"Vittal | Emergecias y Urgencias Medicas","description":"Emergencias y urgencias m\u00e9dicas 24hs.","potentialAction":[{"@type":"SearchAction","target":{"@type":"EntryPoint","urlTemplate":"https:\/\/testweb.vittal.com.ar\/gestion\/?s={search_term_string}"},"query-input":"required name=search_term_string"}],"inLanguage":"es"}]}},"acf":{"portada":{"titulo":"Cobertura de Eventos","bajada":"Servicio destinado a cubrir eventos o <br>espect\u00e1culos que requieren de log\u00edstica<br> m\u00e9dica, previniendo cualquier emergencia","fondo":"https:\/\/www.vittal.com.ar\/gestion\/wp-content\/uploads\/2023\/08\/cobertura-eventos_caratula-invertida.jpg","imagen_de_fondo_mobile":"https:\/\/www.vittal.com.ar\/gestion\/wp-content\/uploads\/2023\/01\/cobertura-eventos-empresas_fondo-mobile.jpg","en_construccion":false},"header":{"titulo":"Cobertura de Eventos","bajada":"Brindamos cobertura presencial para todo tipo de evento o espect\u00e1culo desde el armado hasta su finalizaci\u00f3n.","fondo":"https:\/\/www.vittal.com.ar\/gestion\/wp-content\/uploads\/2020\/07\/cobertura-de-eventos.jpg"},"introduccion":{"titulo":"","bajada":"Servicio destinado a cubrir eventos o espect\u00e1culos que requieren de log\u00edstica m\u00e9dica, previniendo y asistiendo frente a cualquier emergencia. \r\n<br><br>\r\nDependiendo de la magnitud y la cantidad de personas, disponemos de ambulancias para eventos y m\u00e9dicos especializados para cubrir desde la instancia del armado hasta su finalizaci\u00f3n. <br><br>\r\nSolicit\u00e1 tu presupuesto por mail a <a href=\"mailto:solicitudeventos@vittal.com.ar\" target=\"_blank\" rel=\"noopener\">solicitudeventos@vittal.com.ar<\/a> o por WhatsApp al<a href=\"https:\/\/wa.me\/+5491157173258\" target=\"_blank\" rel=\"noopener\"> 11 5717 3258<\/a>","foto":"https:\/\/www.vittal.com.ar\/gestion\/wp-content\/uploads\/2022\/08\/cobertura-eventos_imagen-interior-mobile-1.jpg"},"servicios":{"bajada_top":"","titulo":"","bajada":"","box_servicio":[{"titulo":"M\u00e9dicos especializados en eventos multitudinarios","bajada":"El personal de <strong>vittal<\/strong> cuenta con la experiencia necesaria para atender situaciones de emergencia en espacios amplios y multitudinarios. Los m\u00f3viles para eventos son de alta complejidad para atender todo tipo de casos y moverse a cualquier distancia si la situaci\u00f3n lo amerita.","imagen":"https:\/\/www.vittal.com.ar\/gestion\/wp-content\/uploads\/2020\/07\/cobertura-01.jpg"},{"titulo":"Cobertura con helic\u00f3ptero sanitario","bajada":"Permite la llegada a zonas alejadas o de dif\u00edcil acceso acortando los tiempos de atenci\u00f3n. Somos la \u00fanica empresa con helic\u00f3ptero habilitado para traslados sanitarios en Argentina. ","imagen":"https:\/\/www.vittal.com.ar\/gestion\/wp-content\/uploads\/2020\/07\/cobertura-02.jpg"},{"titulo":"Socorristas","bajada":"Contamos con un equipo de Socorristas de la Cruz Roja, entrenados para auxiliar a personas en situaci\u00f3n de riesgo y\/o peligro, brindando una prestaci\u00f3n sistematizada de t\u00e9cnicas de primeros auxilios para un determinado evento.","imagen":"https:\/\/www.vittal.com.ar\/gestion\/wp-content\/uploads\/2020\/07\/cobertura-03.jpg"},{"titulo":"Stands de capacitaci\u00f3n y asistencia","bajada":"Disponemos de equipos especializados de <strong>Fundaci\u00f3n vittal<\/strong> para realizar cursos r\u00e1pidos, despejar dudas y ense\u00f1ar tareas de reanimaci\u00f3n a adultos y chicos.","imagen":"https:\/\/www.vittal.com.ar\/gestion\/wp-content\/uploads\/2020\/07\/cobertura-04.jpg"}]},"seo":{"titulo":"Cobertura de Eventos","descripcion":"Brindamos cobertura m\u00e9dica presencial para todo tipo de evento o espect\u00e1culo desde el armado hasta su finalizaci\u00f3n.","keywords":"Cobertura de Eventos, vittal, eventos privados, espect\u00e1culos"},"link":"empresas\/cobertura-de-eventos"},"_links":{"self":[{"href":"https:\/\/www.vittal.com.ar\/gestion\/wp-json\/wp\/v2\/pages\/693"}],"collection":[{"href":"https:\/\/www.vittal.com.ar\/gestion\/wp-json\/wp\/v2\/pages"}],"about":[{"href":"https:\/\/www.vittal.com.ar\/gestion\/wp-json\/wp\/v2\/types\/page"}],"author":[{"embeddable":true,"href":"https:\/\/www.vittal.com.ar\/gestion\/wp-json\/wp\/v2\/users\/4"}],"replies":[{"embeddable":true,"href":"https:\/\/www.vittal.com.ar\/gestion\/wp-json\/wp\/v2\/comments?post=693"}],"version-history":[{"count":21,"href":"https:\/\/www.vittal.com.ar\/gestion\/wp-json\/wp\/v2\/pages\/693\/revisions"}],"predecessor-version":[{"id":11549,"href":"https:\/\/www.vittal.com.ar\/gestion\/wp-json\/wp\/v2\/pages\/693\/revisions\/11549"}],"up":[{"embeddable":true,"href":"https:\/\/www.vittal.com.ar\/gestion\/wp-json\/wp\/v2\/pages\/686"}],"wp:attachment":[{"href":"https:\/\/www.vittal.com.ar\/gestion\/wp-json\/wp\/v2\/media?parent=693"}],"curies":[{"name":"wp","href":"https:\/\/api.w.org\/{rel}","templated":true}]}}