{"id":76,"date":"2020-02-27T12:45:49","date_gmt":"2020-02-27T12:45:49","guid":{"rendered":"http:\/\/client.elpixel.net\/vittal\/wp-test\/?page_id=76"},"modified":"2026-04-16T18:49:25","modified_gmt":"2026-04-16T21:49:25","slug":"slider","status":"publish","type":"page","link":"\/gestion\/home\/slider\/","title":{"rendered":"Slider"},"content":{"rendered":"","protected":false},"excerpt":{"rendered":"","protected":false},"author":4,"featured_media":0,"parent":40,"menu_order":0,"comment_status":"closed","ping_status":"closed","template":"","meta":{"footnotes":""},"class_list":["post-76","page","type-page","status-publish","hentry"],"better_featured_image":null,"yoast_head":"<!-- This site is optimized with the Yoast SEO plugin v22.9 - https:\/\/yoast.com\/wordpress\/plugins\/seo\/ -->\n<title>Slider - Vittal<\/title>\n<meta name=\"robots\" content=\"index, follow, max-snippet:-1, max-image-preview:large, max-video-preview:-1\" \/>\n<link rel=\"canonical\" href=\"\/gestion\/home\/slider\/\" \/>\n<meta property=\"og:locale\" content=\"es_ES\" \/>\n<meta property=\"og:type\" content=\"article\" \/>\n<meta property=\"og:title\" content=\"Slider - Vittal\" \/>\n<meta property=\"og:url\" content=\"\/gestion\/home\/slider\/\" \/>\n<meta property=\"og:site_name\" content=\"Vittal\" \/>\n<meta property=\"article:publisher\" content=\"https:\/\/www.facebook.com\/Tuvidaestaprimero\" \/>\n<meta property=\"article:modified_time\" content=\"2026-04-16T21:49:25+00:00\" \/>\n<meta property=\"og:image\" content=\"\/gestion\/wp-content\/uploads\/2020\/03\/vittal-logo.jpg\" \/>\n\t<meta property=\"og:image:width\" content=\"300\" \/>\n\t<meta property=\"og:image:height\" content=\"300\" \/>\n\t<meta property=\"og:image:type\" content=\"image\/jpeg\" \/>\n<meta name=\"twitter:card\" content=\"summary_large_image\" \/>\n<!-- \/ Yoast SEO plugin. -->","yoast_head_json":{"title":"Slider - Vittal","robots":{"index":"index","follow":"follow","max-snippet":"max-snippet:-1","max-image-preview":"max-image-preview:large","max-video-preview":"max-video-preview:-1"},"canonical":"\/gestion\/home\/slider\/","og_locale":"es_ES","og_type":"article","og_title":"Slider - Vittal","og_url":"\/gestion\/home\/slider\/","og_site_name":"Vittal","article_publisher":"https:\/\/www.facebook.com\/Tuvidaestaprimero","article_modified_time":"2026-04-16T21:49:25+00:00","og_image":[{"width":300,"height":300,"url":"\/gestion\/wp-content\/uploads\/2020\/03\/vittal-logo.jpg","type":"image\/jpeg"}],"twitter_card":"summary_large_image","schema":{"@context":"https:\/\/schema.org","@graph":[{"@type":"WebPage","@id":"\/gestion\/home\/slider\/","url":"\/gestion\/home\/slider\/","name":"Slider - Vittal","isPartOf":{"@id":"https:\/\/testweb.vittal.com.ar\/gestion\/#website"},"datePublished":"2020-02-27T12:45:49+00:00","dateModified":"2026-04-16T21:49:25+00:00","breadcrumb":{"@id":"\/gestion\/home\/slider\/#breadcrumb"},"inLanguage":"es","potentialAction":[{"@type":"ReadAction","target":["\/gestion\/home\/slider\/"]}]},{"@type":"BreadcrumbList","@id":"\/gestion\/home\/slider\/#breadcrumb","itemListElement":[{"@type":"ListItem","position":1,"name":"Home","item":"https:\/\/testweb.vittal.com.ar\/gestion\/"},{"@type":"ListItem","position":2,"name":"Home","item":"\/gestion\/home\/"},{"@type":"ListItem","position":3,"name":"Slider"}]},{"@type":"WebSite","@id":"https:\/\/testweb.vittal.com.ar\/gestion\/#website","url":"https:\/\/testweb.vittal.com.ar\/gestion\/","name":"Vittal | Emergecias y Urgencias Medicas","description":"Emergencias y urgencias m\u00e9dicas 24hs.","potentialAction":[{"@type":"SearchAction","target":{"@type":"EntryPoint","urlTemplate":"https:\/\/testweb.vittal.com.ar\/gestion\/?s={search_term_string}"},"query-input":"required name=search_term_string"}],"inLanguage":"es"}]}},"acf":{"slide":[{"tipo_de_slide":"Template 1","template_1":{"imagen":"\/gestion\/wp-content\/uploads\/2026\/04\/promo-70x3-desktop.jpg","imagen_responsive":"\/gestion\/wp-content\/uploads\/2026\/04\/promo-70x3-mobile.jpg","titulo":"Promo exclusiva para contrataci\u00f3n online","bajada":"70% off los primeros tres meses con cuota congelada","label":"Eleg\u00ed ahora tu plan","link":"https:\/\/www.vittal.com.ar\/planes","link_externo":true,"sin_boton":false},"template_2":{"imagen":"\/gestion\/wp-content\/uploads\/2020\/06\/vittalidoc-01-scaled.jpg","titulo":"","bajada":"","label":"","link":"http:\/\/clientes.elpixel.net\/vittal\/web\/servicios-adicionales\/idoc","link_externo":false,"sin_boton":false},"template_3":{"titulo":"","bajada":"","video":"","label":"","link":"","link_externo":false,"sin_boton":false},"template_4":{"imagen":"\/gestion\/wp-content\/uploads\/2020\/07\/banner-idoc-01-scaled.jpg","imagen_responsive":"\/gestion\/wp-content\/uploads\/2020\/07\/slider-mobile.jpg","titulo":"","bajada":"","label":"Conoce m\u00e1s","link":"servicios-adicionales\/idoc","link_externo":false,"sin_boton":true},"template_5":{"imagen":false,"imagen_responsiva":false,"titulo":"","titulo_2":"","bajada":false,"label":"","link":"","link_externo":false,"sin_boton":false}},{"tipo_de_slide":"Template 1","template_1":{"imagen":"\/gestion\/wp-content\/uploads\/2026\/02\/banner-vacuna-antigripal-desktop.jpg","imagen_responsive":"\/gestion\/wp-content\/uploads\/2026\/02\/banner-vacuna-antigripal-mobile.jpg","titulo":"Campa\u00f1a Vacunaci\u00f3n antigripal 2026","bajada":"A domicilio, para socios y no socios","label":"Conoc\u00e9 m\u00e1s ac\u00e1","link":"https:\/\/www.vittal.com.ar\/servicios-adicionales\/vacuna-antigripal-a-domicilio","link_externo":true,"sin_boton":false},"template_2":{"imagen":"\/gestion\/wp-content\/uploads\/2022\/08\/banner-home-vittaldoc.png","titulo":"\u00a1Ten\u00e9s un m\u00e9dico que conoce a tu familia!","bajada":"Program\u00e1 una consulta<br>\r\nAtendete online<br>\r\nSegu\u00ed en contacto por WhatsApp","label":"Conoc\u00e9 m\u00e1s","link":"en-construccion","link_externo":false,"sin_boton":false},"template_3":{"titulo":"Coronavirus","bajada":"\u00bfQu\u00e9 hacemos en vittal frente a un caso de Covid-19?","video":"SCkP5rceIb4","label":"Mir\u00e1 el video en Youtube","link":"https:\/\/www.youtube.com\/watch?v=SCkP5rceIb4","link_externo":true,"sin_boton":true},"template_4":{"imagen":"\/gestion\/wp-content\/uploads\/2022\/08\/web_slider.jpg","imagen_responsive":false,"titulo":"","bajada":"","label":"","link":"","link_externo":false,"sin_boton":false},"template_5":{"imagen":false,"imagen_responsiva":false,"titulo":"","titulo_2":"","bajada":false,"label":"","link":"","link_externo":false,"sin_boton":false}},{"tipo_de_slide":"Template 1","template_1":{"imagen":"\/gestion\/wp-content\/uploads\/2025\/08\/banner-1080.jpg","imagen_responsive":"\/gestion\/wp-content\/uploads\/2025\/08\/banner-home.jpg","titulo":"Cuidarte nunca fue tan simple","bajada":"<span class=\"planes-text-intro\">Contrat\u00e1 tu plan en 3 pasos, 100% online y con una experiencia guiada de principio a fin.<\/span><br><br>\r\n\r\n  <span class=\"planes-subtitulo\">\u00bfC\u00f3mo funciona?<\/span><br>\r\n\r\n  <span class=\"planes-item\"><span class=\"bullet\">1<\/span> Eleg\u00ed el plan que mejor se adapta a vos<\/span><br>\r\n  <span class=\"planes-item\"><span class=\"bullet\">2<\/span> Compar\u00e1 los servicios incluidos y valores<\/span><br>\r\n  <span class=\"planes-item\"><span class=\"bullet\">3<\/span> Inici\u00e1 el proceso de contrataci\u00f3n online en minutos<\/span>","label":"Contrat\u00e1 tu plan 100% online","link":"planes","link_externo":false,"sin_boton":false},"template_2":{"imagen":"\/gestion\/wp-content\/uploads\/2022\/08\/banner-home-asistencia-viajero-3.png","titulo":"Viaj\u00e1 protegido","bajada":"Cobertura m\u00e9dica nacional e internacional en todos los planes","label":"Asociate ahora","link":"Plan-plus","link_externo":false,"sin_boton":false},"template_3":{"titulo":"Lorem ipsum","bajada":"Lorem ipsum dolor sit amet, consetetur sadipscing elitr, sed diam nonumy eirmod tempor invidunt ut labore et dolore magna aliquyam erat, sed diam voluptua. At vero eos et accusam et justo duo dolores et ea rebum. ","video":"WRKat5rrjtE","label":"","link":"en-construccion","link_externo":false,"sin_boton":false},"template_4":{"imagen":"\/gestion\/wp-content\/uploads\/2020\/02\/pic-slider-04.png","imagen_responsive":false,"titulo":"Lorem ipsum LOREM","bajada":"Lorem ipsum dolor sit amet, consetetur <br>sadipscing elitr, sed diam nonumy eirmod tempor","label":"","link":"\/","link_externo":false,"sin_boton":false},"template_5":{"imagen":false,"imagen_responsiva":false,"titulo":"","titulo_2":"","bajada":false,"label":"","link":"","link_externo":false,"sin_boton":false}},{"tipo_de_slide":"Template 1","template_1":{"imagen":"\/gestion\/wp-content\/uploads\/2024\/11\/template2-dea-desktop-1-1.jpg","imagen_responsive":"\/gestion\/wp-content\/uploads\/2024\/11\/template2-dea-mobile-1.jpg","titulo":"Equipos DEA","bajada":"Con nuestros equipos DEA, marc\u00e1\r\nla diferencia en situaciones de emergencia. ","label":"M\u00e1s informaci\u00f3n","link":"empresas\/espacio-cardioprotegido","link_externo":false,"sin_boton":false},"template_2":{"imagen":false,"titulo":"","bajada":"","label":"","link":"","link_externo":false,"sin_boton":false},"template_3":{"titulo":"","bajada":"","video":"","label":"","link":"","link_externo":false,"sin_boton":false},"template_4":{"imagen":false,"imagen_responsive":false,"titulo":"","bajada":"","label":"","link":"","link_externo":false,"sin_boton":false},"template_5":{"imagen":false,"imagen_responsiva":false,"titulo":"","titulo_2":"","bajada":false,"label":"","link":"","link_externo":false,"sin_boton":false}}]},"_links":{"self":[{"href":"\/gestion\/wp-json\/wp\/v2\/pages\/76"}],"collection":[{"href":"\/gestion\/wp-json\/wp\/v2\/pages"}],"about":[{"href":"\/gestion\/wp-json\/wp\/v2\/types\/page"}],"author":[{"embeddable":true,"href":"\/gestion\/wp-json\/wp\/v2\/users\/4"}],"replies":[{"embeddable":true,"href":"\/gestion\/wp-json\/wp\/v2\/comments?post=76"}],"version-history":[{"count":215,"href":"\/gestion\/wp-json\/wp\/v2\/pages\/76\/revisions"}],"predecessor-version":[{"id":11853,"href":"\/gestion\/wp-json\/wp\/v2\/pages\/76\/revisions\/11853"}],"up":[{"embeddable":true,"href":"\/gestion\/wp-json\/wp\/v2\/pages\/40"}],"wp:attachment":[{"href":"\/gestion\/wp-json\/wp\/v2\/media?parent=76"}],"curies":[{"name":"wp","href":"https:\/\/api.w.org\/{rel}","templated":true}]}}