{"id":8928,"date":"2014-06-14T17:22:38","date_gmt":"2014-06-14T17:22:38","guid":{"rendered":"https:\/\/testweb.vittal.com.ar\/gestion\/?page_id=8928"},"modified":"2025-12-31T12:46:05","modified_gmt":"2025-12-31T15:46:05","slug":"dental-center-promo","status":"publish","type":"page","link":"https:\/\/www.vittal.com.ar\/gestion\/planes\/promos\/dental-center-promo\/","title":{"rendered":"Dental Center"},"content":{"rendered":"","protected":false},"excerpt":{"rendered":"","protected":false},"author":4,"featured_media":0,"parent":180,"menu_order":5,"comment_status":"closed","ping_status":"closed","template":"","meta":{"footnotes":""},"class_list":["post-8928","page","type-page","status-publish","hentry"],"better_featured_image":null,"yoast_head":"<!-- This site is optimized with the Yoast SEO plugin v22.9 - https:\/\/yoast.com\/wordpress\/plugins\/seo\/ -->\n<title>Dental Center - Vittal<\/title>\n<meta name=\"robots\" content=\"index, follow, max-snippet:-1, max-image-preview:large, max-video-preview:-1\" \/>\n<link rel=\"canonical\" href=\"https:\/\/www.vittal.com.ar\/gestion\/planes\/promos\/dental-center-promo\/\" \/>\n<meta property=\"og:locale\" content=\"es_ES\" \/>\n<meta property=\"og:type\" content=\"article\" \/>\n<meta property=\"og:title\" content=\"Dental Center - Vittal\" \/>\n<meta property=\"og:url\" content=\"https:\/\/www.vittal.com.ar\/gestion\/planes\/promos\/dental-center-promo\/\" \/>\n<meta property=\"og:site_name\" content=\"Vittal\" \/>\n<meta property=\"article:publisher\" content=\"https:\/\/www.facebook.com\/Tuvidaestaprimero\" \/>\n<meta property=\"article:modified_time\" content=\"2025-12-31T15:46:05+00:00\" \/>\n<meta property=\"og:image\" content=\"https:\/\/www.vittal.com.ar\/gestion\/wp-content\/uploads\/2020\/03\/vittal-logo.jpg\" \/>\n\t<meta property=\"og:image:width\" content=\"300\" \/>\n\t<meta property=\"og:image:height\" content=\"300\" \/>\n\t<meta property=\"og:image:type\" content=\"image\/jpeg\" \/>\n<meta name=\"twitter:card\" content=\"summary_large_image\" \/>\n<!-- \/ Yoast SEO plugin. -->","yoast_head_json":{"title":"Dental Center - Vittal","robots":{"index":"index","follow":"follow","max-snippet":"max-snippet:-1","max-image-preview":"max-image-preview:large","max-video-preview":"max-video-preview:-1"},"canonical":"https:\/\/www.vittal.com.ar\/gestion\/planes\/promos\/dental-center-promo\/","og_locale":"es_ES","og_type":"article","og_title":"Dental Center - Vittal","og_url":"https:\/\/www.vittal.com.ar\/gestion\/planes\/promos\/dental-center-promo\/","og_site_name":"Vittal","article_publisher":"https:\/\/www.facebook.com\/Tuvidaestaprimero","article_modified_time":"2025-12-31T15:46:05+00:00","og_image":[{"width":300,"height":300,"url":"https:\/\/www.vittal.com.ar\/gestion\/wp-content\/uploads\/2020\/03\/vittal-logo.jpg","type":"image\/jpeg"}],"twitter_card":"summary_large_image","schema":{"@context":"https:\/\/schema.org","@graph":[{"@type":"WebPage","@id":"https:\/\/www.vittal.com.ar\/gestion\/planes\/promos\/dental-center-promo\/","url":"https:\/\/www.vittal.com.ar\/gestion\/planes\/promos\/dental-center-promo\/","name":"Dental Center - Vittal","isPartOf":{"@id":"https:\/\/testweb.vittal.com.ar\/gestion\/#website"},"datePublished":"2014-06-14T17:22:38+00:00","dateModified":"2025-12-31T15:46:05+00:00","breadcrumb":{"@id":"https:\/\/www.vittal.com.ar\/gestion\/planes\/promos\/dental-center-promo\/#breadcrumb"},"inLanguage":"es","potentialAction":[{"@type":"ReadAction","target":["https:\/\/www.vittal.com.ar\/gestion\/planes\/promos\/dental-center-promo\/"]}]},{"@type":"BreadcrumbList","@id":"https:\/\/www.vittal.com.ar\/gestion\/planes\/promos\/dental-center-promo\/#breadcrumb","itemListElement":[{"@type":"ListItem","position":1,"name":"Home","item":"https:\/\/testweb.vittal.com.ar\/gestion\/"},{"@type":"ListItem","position":2,"name":"Planes","item":"https:\/\/www.vittal.com.ar\/gestion\/planes\/"},{"@type":"ListItem","position":3,"name":"Promos","item":"https:\/\/www.vittal.com.ar\/gestion\/planes\/promos\/"},{"@type":"ListItem","position":4,"name":"Dental Center"}]},{"@type":"WebSite","@id":"https:\/\/testweb.vittal.com.ar\/gestion\/#website","url":"https:\/\/testweb.vittal.com.ar\/gestion\/","name":"Vittal | Emergecias y Urgencias Medicas","description":"Emergencias y urgencias m\u00e9dicas 24hs.","potentialAction":[{"@type":"SearchAction","target":{"@type":"EntryPoint","urlTemplate":"https:\/\/testweb.vittal.com.ar\/gestion\/?s={search_term_string}"},"query-input":"required name=search_term_string"}],"inLanguage":"es"}]}},"acf":{"portada":{"imagen":"https:\/\/www.vittal.com.ar\/gestion\/wp-content\/uploads\/2023\/06\/dental-center-300x300-2.jpg","titulo":"Dental Center","descripcion":"Obten\u00e9 la membres\u00eda odontol\u00f3gica en Dental Center con el mismo descuento que la promo elegida","label_boton":"Ver m\u00e1s ","redirect":{"utilizar_redireccionamiento":false,"url":""}},"interior":{"imagen_fondo":"https:\/\/www.vittal.com.ar\/gestion\/wp-content\/uploads\/2023\/06\/dental-center-1200x1200-1.jpg","imagenMobile":"https:\/\/www.vittal.com.ar\/gestion\/wp-content\/uploads\/2023\/06\/dental-center-600x300-1.jpg","titulo":"Dental Center","subtitulo":"Obten\u00e9 la membres\u00eda odontol\u00f3gica <br> en Dental Center con el mismo descuento <br> que la promo elegida","contenido":"<p><strong>\u00a1Sumate\u00a0a vittal!<\/strong><\/p>\n<p>Obten\u00e9 la membres\u00eda con el mismo descuento que la promo elegida.<\/p>\n<p>&nbsp;<\/p>\n<p>&nbsp;<\/p>\n","link":{"label":"","url":"","externo":false},"on_demand":{"titulo":"","subtitulo":"","label":"","link":""},"legales":"Membres\u00eda a cargo de Dental Center por medio del convenio con vittal. Para socios nuevos planes Mix y Plus, en CABA y GBA, mismo descuento correspondiente al plan y la promoci\u00f3n elegida (50% por 3 meses). Consulte \u00e1rea de cobertura. Desde el 01\/06\/2023 al 31\/12\/2024 o hasta agotar stock de 1.000 membres\u00edas. Al finalizar el tiempo de la promoci\u00f3n se cobrar\u00e1 la membres\u00eda seg\u00fan costo asociado en ese momento. El socio puede solicitar la baja de la membres\u00eda. Servicio de odontolog\u00eda con membres\u00eda cubierto por Dental Center <a href=\"https:\/\/www.vittal.com.ar\/assets\/terminos-y-condiciones.pdf\" target=\"_blank\"> T\u00e9rminos y condiciones <\/a>"},"plantilla":"adic","seo":{"titulo":"Dental Center","descripcion":"Obten\u00e9 la membres\u00eda con el mismo descuento que la promo elegida","keywords":"Dental Center "}},"_links":{"self":[{"href":"https:\/\/www.vittal.com.ar\/gestion\/wp-json\/wp\/v2\/pages\/8928"}],"collection":[{"href":"https:\/\/www.vittal.com.ar\/gestion\/wp-json\/wp\/v2\/pages"}],"about":[{"href":"https:\/\/www.vittal.com.ar\/gestion\/wp-json\/wp\/v2\/types\/page"}],"author":[{"embeddable":true,"href":"https:\/\/www.vittal.com.ar\/gestion\/wp-json\/wp\/v2\/users\/4"}],"replies":[{"embeddable":true,"href":"https:\/\/www.vittal.com.ar\/gestion\/wp-json\/wp\/v2\/comments?post=8928"}],"version-history":[{"count":20,"href":"https:\/\/www.vittal.com.ar\/gestion\/wp-json\/wp\/v2\/pages\/8928\/revisions"}],"predecessor-version":[{"id":11542,"href":"https:\/\/www.vittal.com.ar\/gestion\/wp-json\/wp\/v2\/pages\/8928\/revisions\/11542"}],"up":[{"embeddable":true,"href":"https:\/\/www.vittal.com.ar\/gestion\/wp-json\/wp\/v2\/pages\/180"}],"wp:attachment":[{"href":"https:\/\/www.vittal.com.ar\/gestion\/wp-json\/wp\/v2\/media?parent=8928"}],"curies":[{"name":"wp","href":"https:\/\/api.w.org\/{rel}","templated":true}]}}